0, 7 - 31 = -h*b + 2*f. What is the tens digit of 113 - ((-4)/b)/((-1)/(-2))?
1
Suppose 229*b - 75*b - 10670506 = 0. What is the hundreds digit of b?
2
What is the hundreds digit of 2994 - (-6 + 12)/(-6)?
9
Suppose 11*k - 129 = -19. What is the units digit of 74/26 + k/65 + 857?
0
Let h(t) = 18*t**2 + 13*t**3 - 40*t**3 - 9*t + 26*t**3 + 12. What is the units digit of h(5)?
2
Suppose -53*b + 5*o = -50*b - 28798, -2*b + 2*o = -19188. What is the thousands digit of b?
9
Let g(y) = -3666*y + 1640. What is the units digit of g(-5)?
0
Suppose 0 = 7*c + 3*s - 128571, -5*s = 3*c - 57292 + 2205. What is the hundreds digit of c?
3
Let j = 17 - 14. Suppose 0*f = j*f. What is the units digit of ((-2 - f) + 77)*1?
5
Let i(r) = 19*r**3 - 182*r**2 + 14*r - 29. What is the units digit of i(12)?
3
Suppose 5*p = 5*x + 52740, 5*p + x = 7401 + 45333. What is the thousands digit of p?
0
Let q = -7896 + 11823. What is the units digit of q?
7
Suppose c - 2*w + 0*w = -1249, -2 = 2*w. Let k be (-20)/25 + c/5. What is the tens digit of (-2)/4 + 0 - k/2?
2
Let i = 9 - -29. Let c be 323/3 - 6/(-18). Let j = c - i. What is the units digit of j?
0
Let u(t) = -155*t - 183. What is the units digit of u(-60)?
7
Let z be 6 + -3 - (248 + -5). Let d = z + 614. What is the units digit of d?
4
Let v be 3*(-108)/(-4) + -1. Suppose 3*u = -v + 191. Suppose 8*a - 35 = u. What is the units digit of a?
9
What is the thousands digit of -4*95028/(-14)*(-693)/(-396)?
7
Suppose u + 2*h = 20, 5*h + 54 = 6*u - 2*u. Let d = u - 18. What is the tens digit of (-15)/25*-196 - d/5?
1
Let s be -6*8/12 + (1 - 1). Let m(b) = -b - 12. Let h be m(s). What is the tens digit of (-243)/(-4) + (-2)/h?
6
Suppose 2*h - 3*b - 105702 = 0, -2*h + 1645*b + 105698 = 1644*b. What is the tens digit of h?
4
Let w(n) = 31*n + 48. Let u(a) = 10*a + 1. Let p be u(-1). Let g be w(p). What is the tens digit of -1 + (-1439)/(-11) - 42/g?
3
Let v(n) = -2*n**2 + 69*n + 63. Let p be v(35). What is the tens digit of 10740/16 - (-21)/p?
7
Let n(w) = 1883*w**3 - w**2 + 134*w - 262. What is the ten thousands digit of n(2)?
1
Let b = 2017 - 1192. What is the hundreds digit of 2/(-15) - (-631235)/b?
7
Let i = -88 - -82. What is the hundreds digit of 256 - i - (2 - -1)/(-3)?
2
Let i = 485 + 301. What is the units digit of 1 + 1 + 7/(21/i)?
4
Suppose -5*c - 614 - 2021 = -g, -5*g + 3*c = -13175. Let f = -1520 + g. What is the units digit of f?
5
Let a(s) = 1036*s**2 - 15*s + 49. Let r be a(3). Suppose -39*j = -7520 - r. What is the hundreds digit of j?
4
Let i(t) = -t**3 + 62*t**2 - 30*t + 252. What is the tens digit of i(61)?
4
What is the hundreds digit of -1 + (1 - -5265) + -428 + 428?
2
Let q(p) = p**3 - 18*p**2 + 79*p - 22. Let m be q(11). Suppose i + 3*g - g - 99 = m, 0 = -2*i - 2*g + 206. What is the tens digit of i?
0
Let q(z) = 72*z**2 - 21*z - 26. What is the thousands digit of q(-10)?
7
What is the hundreds digit of (-7 - (-375615)/34)*2?
0
Let l = -1154 - -2866. What is the hundreds digit of l?
7
Let n(u) = u**3 + 11*u**2 - 16*u - 8. Suppose -4*g - 18 = -2. Let w be (-3 - (-9)/15)/(g/(-20)). What is the units digit of n(w)?
0
Let x(p) = -268*p + 25956. What is the units digit of x(0)?
6
Let l = -3132 - -5348. What is the tens digit of l?
1
Let r(n) = 6*n**3 - 4*n + 2. Let t be r(1). Suppose t*l + 372 = -3*i, 0 = -7*l + 3*l - 2*i - 372. Let a = 133 + l. What is the tens digit of a?
4
Suppose -24*n + 26*n + 3*s = -2, 3*n = -3*s. Suppose a - 97 = -5*u, -n*a = u + 50 - 253. What is the hundreds digit of a?
1
Suppose -6*x - 65 = -19*x. Suppose 3*j - 61 - 19 = -4*n, -x*j + 126 = 3*n. What is the units digit of j?
4
Let f(g) = -3*g**3 - 3*g**2 + 15*g + 5. Let y be f(-8). Suppose -29*q = -y - 3730. What is the units digit of q?
1
Let d(i) = -5979*i - 2083. What is the thousands digit of d(-4)?
1
Let r = -13123 - -18459. What is the units digit of r?
6
Suppose 4*g - 4*y + 0*y = 32, -4 = y. Let z be ((-2)/g)/((-4)/(-3448)). Let h = z - -640. What is the tens digit of h?
0
Suppose -4*z + 42 = 6. Suppose 4*i - z*i = -25. What is the hundreds digit of (-1)/i*0 - -178?
1
Suppose 29*k - 25*k - 4*j - 148120 = 0, -5*k + 2*j + 185171 = 0. What is the tens digit of k?
3
Let j be 4008/40 - (-20)/25. Let z = 77 + j. What is the tens digit of z?
7
Suppose 18 = -3*s - 4*g + 73, -2*s + 32 = 5*g. Suppose -7870 = -5*r - 2*u, 31 - s = -2*u. What is the hundreds digit of r?
5
Let h(o) = 18*o**2 + 94*o - 304. What is the tens digit of h(19)?
8
Let l = 12364 + -6268. What is the hundreds digit of l?
0
Let t be (84/(-18))/7*(-22683)/2. Suppose -17*c = -t - 7892. What is the hundreds digit of c?
9
Let u be -2 + (-2)/5 + 27/5. Suppose -3*y = u*y - 3060. Suppose -14*j + 8*j + y = 0. What is the units digit of j?
5
Let x(q) = 10*q**3 + 6*q**2 - q - 2. Let f be x(5). Let s = f + -933. What is the tens digit of s?
6
Suppose -r - 7 = -3*r - u, -2*r + 4*u = -22. Suppose -w + 251 = r. Suppose 0*z + w = 3*k + 3*z, 0 = -5*k + z + 422. What is the units digit of k?
4
Let m = -148 + 151. Suppose a + 2395 = 3*t - a, 4*t - 3193 = m*a. What is the units digit of t?
9
Let g = 23053 - 12851. What is the hundreds digit of g?
2
What is the hundreds digit of 1837308/496*(-4)/(-3)?
9
Let q(u) = -2*u + 39. Let z be q(11). Let c = -15 + z. Suppose -y = -4*n - 175, -c*n - 178 = -y + 3*n. What is the tens digit of y?
6
Suppose -5*v + 2*s - 85 = 5, 5*v - 3*s + 85 = 0. What is the tens digit of 23120/v*1/(-4)?
8
Let b be (-8 - 30/12)*(-10)/3. Let c(u) = -b - 36 + 100 + 3*u**2 + 3*u - 50. What is the tens digit of c(-10)?
4
Let w(r) = r**2 + 9*r - 9. Let i be w(-10). Let d(z) = -15 - 2*z + 15 + 54*z**2 + 20*z**2. What is the units digit of d(i)?
2
Let y = -3362 + 4768. What is the thousands digit of y?
1
Let j(m) = 7*m**2 - 10*m - 11. Let o be j(-5). Let l = 6 + o. What is the hundreds digit of l?
2
What is the ten thousands digit of (-1)/(((-2)/4605*-3)/((-2772)/210))?
1
Suppose -16429 - 4721 = -5*r - 3*k, -2*k - 8476 = -2*r. What is the hundreds digit of r?
2
Let y(x) = 2*x + 18. Suppose -10 = u - 48. Suppose 5*f = 4*q - 25 - u, 3*q - 71 = -f. What is the units digit of y(q)?
2
Suppose 4*l = 37*r - 41*r + 2772, l + 4*r = 699. Let c = 213 + l. What is the hundreds digit of c?
9
Let c = -86 + 88. Suppose 126 = c*t - 2*p, -3*t + 17 = 4*p - 193. What is the tens digit of t?
6
Let h(g) = g**3 + 13*g**2 + 23*g + 11. Let m be h(-11). Suppose 79 - 7 = 3*f - 5*b, m = -f - 4*b + 41. Let z = f - 8. What is the tens digit of z?
2
What is the hundreds digit of ((-57247)/(-46))/((-2)/(-4))?
4
Suppose 213358 + 52920 = 36*h - 7*h. What is the tens digit of h?
8
Suppose -934 = -9*w - 241. Let k = w - 141. Let i = k - -203. What is the hundreds digit of i?
1
Suppose -p = -5*d - 137, 0 = -3*p + 2*d - 6 + 378. Suppose 817 + p = 3*c. What is the tens digit of c?
1
Suppose 410 = 29*m + 53*m. Suppose 9*t - 90 = 4*t. Suppose -t = -m*b + 432. What is the tens digit of b?
9
Suppose 0 = 4*h - y - 8098, 0 = -h + 302*y - 297*y + 1996. What is the hundreds digit of h?
0
Suppose 4*w - 25153 - 75471 = 3*z, 0 = 4*w + 2*z - 100644. What is the thousands digit of w?
5
Suppose -151*k - 1275 = -156*k. What is the units digit of (k/(-102))/(1/(-248))?
0
Suppose 1 = 8*q - 55. What is the hundreds digit of 689 - 7/(q/4)?
6
Let v = 102 - 99. Suppose 0 = v*x - 765 + 231. What is the tens digit of x?
7
Let k = 2595 - 2616. Let t = 104 - 73. Let r = k + t. What is the units digit of r?
0
Let g(q) = 3*q - 18. Let n(u) = -u**2 + 11*u - 23. Let l be n(7). Let m be g(l). What is the tens digit of (-2 - (-6)/3) + (-261)/m?
8
Suppose -323 = -2*y - a, -5*y + 400 = 2*a - 410. Let i = y - 101. What is the tens digit of i?
6
Let j = 609 + -421. Suppose 11*k - 15*k + j = 0. Let a = k - 42. What is the units digit of a?
5
Suppose -9*d = 20*d - 145. What is the units digit of ((6*d)/2)/(6/60)?
0
Suppose 10 = 2*r - 0, -4*z + 648 = 4*r. Let s = z + -96. Suppose -5*g = -2*u - 180, -66 = -3*g + 5*u + s. What is the tens digit of g?
3
Suppose 0 = -a - 172 + 498. Let r = a - -21. What is the hundreds digit of r?
3
Suppose -4 = 5*i - 3*i. Let y be 1 - i - 1113/(-7). Suppose 18 = -3*c + y. What is the tens digit of c?
4
Let c be 7/(28/(-16)) - -52. Suppose 5*h = -h - c. Let p(f) = f**2 + f - 19. What is the tens digit of p(h)?
3
Suppose 